me number?
True
Is 9673 a composite number?
True
Is 4574393 composite?
False
Is 389 composite?
False
Is 243094 composite?
True
Is 18947 a composite number?
False
Is 5999 composite?
True
Is 44617 prime?
True
Is 6407 a prime number?
False
Is 49097 a composite number?
True
Is 15511 composite?
False
Is 30146 a composite number?
True
Is 1250407 composite?
False
Is 5257 a composite number?
True
Is 106111 prime?
False
Is 287537 a composite number?
False
Is 553441 composite?
True
Is 4098691 a composite number?
False
Is 14611 prime?
False
Is 269321 prime?
False
Is 20663 prime?
True
Is 11065 a composite number?
True
Is 1979 a composite number?
False
Is 17635 a composite number?
True
Is 263009 a composite number?
False
Is 2787 a prime number?
False
Is 24243 a composite number?
True
Is 185727 composite?
True
Is 20849 a prime number?
True
Is 25195 a prime number?
False
Is 2913 composite?
True
Is 28511 a prime number?
False
Is 124471 a composite number?
False
Is 9406 prime?
False
Is 9329 a prime number?
False
Is 33227 prime?
False
Is 32099 a prime number?
True
Is 287135 a prime number?
False
Is 3007 a composite number?
True
Is 81331 composite?
False
Is 4861 prime?
True
Is 967 a composite number?
False
Is 1192829 composite?
True
Is 1321487 a composite number?
False
Is 20993 a prime number?
False
Is 9131 prime?
False
Is 419 a composite number?
False
Is 366259 prime?
True
Is 65921 prime?
True
Is 64133 a composite number?
True
Is 246733 composite?
True
Is 213442 composite?
True
Is 566983 composite?
True
Is 2257 a prime number?
False
Is 993 a prime number?
False
Is 17383 a composite number?
False
Is 6733 a prime number?
True
Is 3251 a prime number?
True
Is 25765 composite?
True
Is 53503 composite?
False
Is 88169 a prime number?
True
Is 10831 prime?
True
Is 96101 composite?
True
Is 109121 a prime number?
True
Is 13951 a prime number?
False
Is 8209 composite?
False
Is 102497 a composite number?
False
Is 61751 a composite number?
False
Is 23251 prime?
True
Is 488791 prime?
True
Is 475597 composite?
False
Is 1847 prime?
True
Is 3047 composite?
True
Is 22499 a composite number?
True
Is 16543 a prime number?
False
Is 1784327 prime?
True
Is 1210703 composite?
True
Is 770909 prime?
True
Is 27827 a prime number?
True
Is 25567 prime?
False
Is 2609 prime?
True
Is 213701 a composite number?
True
Is 93431 a prime number?
False
Is 20491 prime?
False
Is 1298719 composite?
False
Is 10651 a prime number?
True
Is 1364277 a prime number?
False
Is 13714 composite?
True
Is 17609 prime?
True
Is 2099 prime?
True
Is 335 composite?
True
Is 10771 a prime number?
True
Is 3407 a composite number?
False
Is 5923 composite?
False
Is 52691 composite?
False
Is 336709 composite?
True
Is 110017 a prime number?
True
Is 422 composite?
True
Is 163061 composite?
False
Is 81629 a prime number?
True
Is 291 a prime number?
False
Is 15815 composite?
True
Is 726322 prime?
False
Is 288611 a prime number?
False
Is 2333 prime?
True
Is 29779 a prime number?
False
Is 57169 prime?
False
Is 9277 a composite number?
False
Is 184993 a composite number?
False
Is 1831 composite?
False
Is 8849 a prime number?
True
Is 647033 a prime number?
True
Is 6143 prime?
True
Is 105767 prime?
True
Is 756142 prime?
False
Is 21103 composite?
True
Is 5431 a prime number?
True
Is 900061 a composite number?
False
Is 7349 a prime number?
True
Is 38638 a composite number?
True
Is 213421 prime?
False
Is 374331 composite?
True
Is 8917 a prime number?
False
Is 12451 prime?
True
Is 54515 a prime number?
False
Is 621521 composite?
False
Is 123341 a composite number?
False
Is 914866 prime?
False
Is 3263 composite?
True
Is 8147 a composite number?
False
Is 8471 prime?
False
Is 3419 a composite number?
True
Is 347 a prime number?
True
Is 54409 a composite number?
False
Is 28879 composite?
False
Is 81335 a prime number?
False
Is 92311 a composite number?
False
Is 49673 a prime number?
False
Is 496189 a prime number?
False
Is 64849 a composite number?
False
Is 72533 a prime number?
True
Is 117449 a prime number?
False
Is 33343 prime?
True
Is 379787 composite?
False
Is 22677 composite?
True
Is 37397 prime?
True
Is 280607 composite?
False
Is 38195 prime?
False
Is 63065 a prime number?
False
Is 587 prime?
True
Is 1299223 composite?
False
Is 12611 a prime number?
True
Is 645973 a composite number?
False
Is 700027 a composite number?
False
Is 29009 composite?
False
Is 60443 prime?
True
Is 5327 a composite number?
True
Is 23417 composite?
False
Is 2923 prime?
False
Is 6101 a composite number?
False
Is 12003 a composite number?
True
Is 67957 composite?
False
Is 61337 prime?
False
Is 70271 composite?
False
Is 74687 composite?
False
Is 142447 prime?
False
Is 77365 prime?
False
Is 7427 prime?
False
Is 612371 prime?
True
Is 21077 composite?
True
Is 982013 a prime number?
False
Is 21797 composite?
True
Is 25229 prime?
True
Is 186365 composite?
True
Is 6731 prime?
False
Is 1356373 composite?
True
Is 432223 composite?
True
Is 93299 composite?
True
Is 18661 a composite number?
False
Is 15817 a composite number?
False
Is 33079 a composite number?
True
Is 2203 a composite number?
False
Is 102683 a prime number?
False
Is 2174 a prime number?
False
Is 713911 a composite number?
True
Is 11113 composite?
False
Is 54071 a composite number?
True
Is 23407 a composite number?
True
Is 4409 prime?
True
Is 65 composite?
True
Is 106207 a composite number?
False
Is 17399 a prime number?
False
Is 1847 prime?
True
Is 269617 prime?
True
Is 30235 composite?
True
Is 23657 a composite number?
True
Is 99469 composite?
False
Is 361199 a composite number?
True
Is 63241 prime?
True
Is 54941 a prime number?
True
Is 54589 prime?
False
Is 141289 a composite number?
True
Is 896309 a prime number?
False
Is 39707 prime?
False
Is 12333 a composite number?
True
Is 4621 composite?
False
Is 756373 a prime number?
True
Is 43049 composite?
False
Is 155939 prime?
False
Is 679 prime?
False
Is 52249 a composite number?
False
Is 202427 composite?
True
Is 223959 a prime number?
False
Is 8223 prime?
False
Is 3503 a prime number?
False
Is 5501 prime?
True
Is 427 a composite number?
True
Is 5471 a prime number?
True
Is 1973 a prime number?
True
Is 692281 prime?
True
Is 14371 a composite number?
True
Is 61573 composite?
True
Is 884497 a prime number?
True
Is 176299 a prime number?
True
Is 1937 composite?
True
Is 320453 prime?
False
Is 131799 composite?
True
Is 469727 a prime number?
False
Is 431195 a prime number?
False
Is 33265 a prime number?
False
Is 48245 a prime number?
False
Is 121571 a composite number?
False
Is 9277 a prime number?
True
Is 10895 prime?
False
Is 760199 prime?
False
Is 29269 a composite number?
False
Is 11558 a composite number?
True
Is 70637 a prime number?
False
Is 2354329 composite?
True
Is 14963 composite?
True
Is 358249 composite?
True
Is 266269 a composite number?
False
Is 667 a prime number?
False
Is 300719 a composite number?
False
Is 14197 composite?
False
Is 6049 prime?
False
Is 76283 prime?
True
Is 5147 prime?
True
Is 43223 prime?
True
Is 2040751 a prime number?
False
Is 4835 a composite number?
True
Is 15493 a prime number?
True
Is 14527 composite?
True
Is 2099 composite?
False
Is 425299 a prime number?
False
Is 17245 a composite number?
True
Is 279047 a prime number?
True
Is 14983 composite?
False
Is 22579 composite?
True
Is 791 a prime number?
False
Is 8147 a prime number?
True
Is 207589 a composite number?
False
Is 48197 a prime number?
True
Is 11963 a composite number?
True
Is 51967 a prime number?
False
Is 18311 composite?
False
Is 1685 prime?
False
Is 25667 a composite number?
False
Is 235283 a prime number?
False
Is 38629 composite?
False
Is 321353 prime?
False
Is 13285 a composite number?
True
Is 270862 composite?
True
Is 26043 a prime number?
False
Is 2237 composite?
False
Is 3719 a composite number?
False
Is 52627 composite?
False
Is 42239 composite?
False
Is 3229 a composite number?
False
Is 23713 a composite number?
True
Is 130777 a prime number?
False
Is 21561 composite?
True
Is 1681 a composite number?
True
Is 4021405 composite?
True
Is 134471 composite?
False
Is 997873 composite?
True
Is 18827 a composite number?
True
Is 58879 prime?
False
Is 1009 prime?
True
Is 29473 a composite number?
False
Is 551743 composite?
False
Is 117277 prime?
False
Is 32603